nvert -4 (base 10) to base 6.
-4
1 (base 11) to base 12
1
What is -1 (base 16) in base 14?
-1
-7 (base 15) to base 3
-21
3 (base 12) to base 16
3
117 (base 16) to base 15
139
72 (base 9) to base 4
1001
Convert -a3 (base 13) to base 3.
-11221
Convert a (base 12) to base 10.
10
19 (base 10) to base 5
34
-5 (base 7) to base 9
-5
-2 (base 9) to base 15
-2
Convert -122 (base 7) to base 3.
-2102
What is -101 (base 5) in base 3?
-222
26 (base 10) to base 4
122
-11 (base 11) to base 9
-13
Convert -20 (base 3) to base 11.
-6
Convert -33 (base 6) to base 15.
-16
Convert 9 (base 12) to base 11.
9
d1 (base 14) to base 3
20210
-9 (base 15) to base 6
-13
0 (base 11) to base 6
0
Convert -5 (base 11) to base 10.
-5
Convert 1 (base 13) to base 15.
1
What is -11 (base 4) in base 12?
-5
What is -13 (base 7) in base 10?
-10
Convert 121 (base 4) to base 9.
27
What is 0 (base 14) in base 2?
0
Convert -2 (base 15) to base 8.
-2
Convert -133 (base 7) to base 10.
-73
Convert -20 (base 4) to base 15.
-8
What is -1101 (base 2) in base 5?
-23
What is -323 (base 10) in base 2?
-101000011
What is 2 (base 9) in base 4?
2
Convert -5 (base 15) to base 6.
-5
Convert 5 (base 12) to base 3.
12
Convert -1 (base 3) to base 15.
-1
Convert 51 (base 6) to base 15.
21
Convert 36 (base 7) to base 14.
1d
What is 4 (base 8) in base 6?
4
351 (base 6) to base 16
8b
8 (base 12) to base 11
8
What is 8 (base 16) in base 6?
12
Convert -3 (base 12) to base 10.
-3
What is -3 (base 11) in base 4?
-3
What is -100202 (base 3) in base 13?
-173
What is -2 (base 4) in base 9?
-2
What is -3 (base 14) in base 8?
-3
-1 (base 12) to base 13
-1
-8 (base 14) to base 4
-20
5 (base 7) to base 3
12
What is 6 (base 15) in base 9?
6
-16 (base 9) to base 2
-1111
8 (base 11) to base 10
8
344 (base 5) to base 2
1100011
1 (base 11) to base 7
1
Convert 2 (base 13) to base 8.
2
What is 2 (base 10) in base 11?
2
Convert 8a (base 12) to base 10.
106
What is 43 (base 5) in base 3?
212
Convert 45 (base 6) to base 16.
1d
Convert -14 (base 7) to base 14.
-b
What is -11 (base 4) in base 2?
-101
-4 (base 13) to base 8
-4
What is 4 (base 12) in base 11?
4
What is -1 (base 13) in base 15?
-1
10 (base 4) to base 10
4
-2 (base 8) to base 12
-2
Convert -13 (base 4) to base 8.
-7
Convert 11 (base 3) to base 2.
100
What is 45 (base 7) in base 4?
201
Convert -2212 (base 4) to base 9.
-204
What is -11 (base 3) in base 4?
-10
What is 10 (base 3) in base 6?
3
Convert -1101 (base 2) to base 10.
-13
10 (base 2) to base 9
2
What is 74 (base 12) in base 10?
88
Convert -2 (base 11) to base 16.
-2
Convert -51 (base 13) to base 5.
-231
Convert 1 (base 8) to base 12.
1
What is -2 (base 13) in base 5?
-2
Convert -9 (base 16) to base 11.
-9
What is 1200 (base 5) in base 12?
127
What is -a (base 16) in base 2?
-1010
-40 (base 12) to base 13
-39
51 (base 7) to base 15
26
What is -310 (base 5) in base 16?
-50
2122 (base 3) to base 15
4b
Convert 3 (base 5) to base 15.
3
What is -a (base 13) in base 6?
-14
What is -203 (base 4) in base 2?
-100011
-9b (base 13) to base 2
-10000000
Convert 4 (base 16) to base 5.
4
Convert 102 (base 5) to base 9.
30
-91 (base 11) to base 14
-72
What is -2210 (base 3) in base 16?
-4b
Convert 374 (base 10) to base 13.
22a
What is 404 (base 5) in base 2?
1101000
What is 122 (base 3) in base 10?
17
What is 100110 (base 2) in base 16?
26
Convert -e (base 15) to base 3.
-112
2 (base 8) to base 7
2
Convert 2 (base 7) to base 15.
2
Convert 101 (base 2) to base 3.
12
-16 (base 7) to base 3
-111
What is -22 (base 3) in base 7?
-11
What is -78 (base 11) in base 5?
-320
Convert -3132 (base 4) to base 10.
-222
-50 (base 9) to base 5
-140
-32 (base 10) to base 5
-112
-2000 (base 3) to base 12
-46
Convert 11 (base 4) to base 14.
5
What is -10 (base 3) in base 12?
-3
-69 (base 14) to base 8
-135
5 (base 14) to base 3
12
What is -11101011 (base 2) in base 10?
-235
What is 2030 (base 4) in base 2?
10001100
0 (base 8) to base 2
0
Convert 48 (base 9) to base 15.
2e
-5c (base 13) to base 9
-85
-64 (base 8) to base 10
-52
-11 (base 7) to base 12
-8
-6 (base 10) to base 9
-6
27 (base 8) to base 14
19
Convert 88 (base 13) to base 15.
77
-1 (base 4) to base 7
-1
-110100 (base 2) to base 14
-3a
Convert -b5 (base 14) to base 3.
-12220
What is -13a (base 11) in base 6?
-432
What is -80 (base 11) in base 4?
-1120
Convert 1010001 (base 2) to base 10.
81
-11 (base 9) to base 3
-101
Convert -103 (base 5) to base 12.
-24
20 (base 4) to base 8
10
220 (base 5) to base 8
74
Convert -2 (base 10) to base 14.
-2
Convert 213 (base 8) to base 3.
12011
Convert -11 (base 5) to base 16.
-6
What is -22 (base 3) in base 9?
-8
-12 (base 6) to base 8
-10
-1e (base 16) to base 11
-28
177 (base 13) to base 16
10b
Convert -2b (base 15) to base 10.
-41
-8 (base 16) to base 11
-8
Convert 100 (base 2) to base 9.
4
Convert 19 (base 12) to base 8.
25
Convert 34 (base 5) to base 2.
10011
Convert 8 (base 16) to base 6.
12
What is 23 (base 4) in base 9?
12
What is 5 (base 12) in base 8?
5
What is 4b (base 13) in base 7?
120
What is -101 (base 4) in base 9?
-18
What is -1010 (base 2) in base 10?
-10
What is 14 (base 5) in base 11?
9
What is 3 (base 14) in base 6?
3
Convert 7 (base 10) to base 11.
7
What is -47 (base 14) in base 8?
-77
-2 (base 5) to base 14
-2
Convert 0 (base 6) to base 14.
0
-5 (base 12) to base 5
-10
Convert -4 (base 7) to base 15.
-4
Convert 44 (base 13) to base 3.
2002
What is 28 (base 9) in base 11?
24
-19 (base 12) to base 10
-21
1b (base 16) to base 5
102
Convert -12c (base 13) to base 4.
-3033
-3 (base 8) to base 7
-3
-231 (base 4) to base 11
-41
2 (base 10) to base 14
2
Convert -3 (base 12) to base 16.
-3
0 (base 12) to base 13
0
Convert -f (base 16) to base 7.
-21
What is -9 (base 10) in base 13?
-9
0 (base 15) to base 16
0
Convert a (base 11) to base 10.
10
Convert 4 (base 12) to base 16.
4
-12c (base 14) to base 4
-3230
Convert -143 (base 5) to base 13.
-39
-233 (base 8) to base 15
-a5
Convert 31 (base 4) to base 2.
1101
What is -112 (base 3) in base 2?
-1110
-23 (base 6) to base 14
-11
ca (base 15) to base 8
276
What is -12 (base 3) in base 2?
-101
-320 (base 4) to base 15
-3b
Convert 0 (base 8) to base 12.
0
What is 0 (base 5) in base 16?
0
Convert 22 (base 8) to base 4.
102
5 (base 12) to base 3
12
Convert 48 (base 9) to base 12.
38
50 (base 7) to base 12
2b
-24 (base 13) to base 4
-132
What is -2e (base 15) in base 8?
-54
Convert e (base 15) to base 11.
13
Convert -21 (base 16) to base 2.
-100001
What is 12 (base 16) in base 7?
24
What is 36 (base 8) in base 13?
24
-3 (base 7) to base 9
-3
Convert 2014 (base 5) to base 14.
147
12 (base 12) to base 10
14
Convert -79 (base 12) to base 11.
-85
10 (base 6) to base 10
6
Convert 3 (base 4) to base 12.
3
-9a (base 14) to base 7
-253
What is -1 (base 4) in base 7?
-1
What is 20 (base 6) in base 2?
1100
What is -147 (base 10) in base 13?
-b4
What is -19 (base 10) in base 3?
-201
What is 47 (base 16) in base 10?
71
Convert 6 (base 13) to base 7.
6
-1a (base 15) to base 8
-31
41 (base 7) to base 13
23
Convert -33 (base 8) to base 5.
-102
What is 6 (base 15) in base 5?
11
What is 23 (base 4) in base 12?
b
Convert -a (base 13) to base 4.
-22
Convert 12 (base 9) to base 4.
23
What is -2a (base 14) in base 16?
-26
Convert a (base 12) to base 16.
a
-6 (base 15) to base 5
-11
What is -14 (base 6) in base 5?
-20
What is -1022 (base 4) in base 8?
-112
6 (base 8) to base 9
6
What is d (base 15) in base 2?
1101
-2 (base 6) to base 3
-2
Convert 14 (base 5) to base 13.
9
2 (base 16) to base 4
2
Convert -20 (base 16) to base 3.
-1012
Convert 33 (base 16) to base 8.
63
Convert 3 (base 16) to base 9.
3
What is 2003 (base 4) in base 8?
203
Convert 2 (base 4) to base 12.
2
-1301 (base 4) to base 7
-221
Convert 3 (base 13) to base 7.
3
-2 (base 3) to base 10
-2
Convert -3 (base 15) to base 12.
-3
12 (base 3) to base 16
5
0 (base 16) to base 13
0
3 (base 11) to base 4
3
Convert 1 (base 15) to base 6.
1
Convert 374 (base 8) to base 6.
1100
What is -12 (base 8) in base 6?
-14
-42 (base 7) to base 11
-28
Convert -35 (base 6) to base 5.
-43
What is 14 (base 9) in base 12?
11
Convert -234 (base 6) to base 3.
-10111
What is 13 (base 15) in base 2?
10010
What is 0 (base 9) in base 8?
0
-73 (base 13) to base 7
-163
31 (base 5) to